6. Determine x(-2).
14
Let m(c) = -4*c - 7. What is m(3)?
-19
Let s(b) = b**3 + 16*b**2 - b - 44. Determine s(-16).
-28
Let l(z) = z**2 + 17*z + 26. Calculate l(-16).
10
Let p(s) = -s**3 - 4*s**2 + 3*s + 6. Give p(-4).
-6
Let c(h) = h**3 - 2*h**2 + 4. Determine c(0).
4
Let f(o) = o**3 + o**2 - 12*o - 2. Give f(-4).
-2
Let z(n) = n**3 + 22*n**2 + 42*n - 38. Determine z(-20).
-78
Let r(z) = -z**3 - 3*z**2 + z + 1. Calculate r(-3).
-2
Let l(m) = m - 5. What is l(10)?
5
Let q(m) = 2*m**2 - 2. Calculate q(2).
6
Let n(c) = 2*c**3 - 7*c**2 - 3*c + 7. Calculate n(5).
67
Let i(f) = 22*f - 35. What is i(2)?
9
Let h(r) = -r**3 + 13*r**2 - 3*r + 19. Give h(13).
-20
Let u(m) = m**3 - 9*m**2 + 8*m + 11. Give u(8).
11
Let n(y) = y**3 + 8*y**2 + 18*y + 30. What is n(-6)?
-6
Let d(w) = w + 27. Give d(-15).
12
Let n(d) = 7*d**2 + 41*d - 48. Give n(-7).
8
Let u(y) = -y**3 - 18*y**2 - 15*y + 30. Calculate u(-17).
-4
Let t(j) = 11*j + 12. What is t(5)?
67
Let r(v) = v**2 - 8*v + 9. What is r(8)?
9
Let k(r) = 2*r**3 - 14*r**2 + 15*r - 4. What is k(6)?
14
Let g(i) = i**2 - 7*i + 5. Calculate g(7).
5
Let b(s) = 194*s + 187. Determine b(-1).
-7
Let i(d) = -d**3 + 7*d**2 + d - 38. Determine i(6).
4
Let o(b) = -3*b**2 - 22*b - 15. What is o(-6)?
9
Let u(h) = 2*h**2 + 5*h - 19. Give u(8).
149
Let y(p) = 5*p**2 - 41*p + 20. Give y(8).
12
Let q(f) = f**2 + 2*f + 12. Determine q(-9).
75
Let k(r) = r**3 + 6*r**2 + 6*r + 5. Calculate k(-5).
0
Let v(s) = 6*s**2 - 5*s + 4. Give v(4).
80
Let j(o) = -15*o + 173. Calculate j(10).
23
Let q(v) = v**2 + 93*v - 606. Determine q(6).
-12
Let k(p) = p**3 - 7*p**2 - 3*p + 5. Determine k(7).
-16
Let m(j) = j - 27. What is m(21)?
-6
Let c(z) = z - 10. Determine c(-10).
-20
Let r(x) = x**3 - 10*x**2 + 14*x - 18. Give r(8).
-34
Let p(k) = -4*k**3 - k**2. Calculate p(1).
-5
Let a(x) = -5*x - 6. Calculate a(-2).
4
Let o(m) = m**2 + 8*m - 104. Give o(-15).
1
Let w(m) = -m + 7. Give w(-8).
15
Let v(g) = g**2 + 36*g - 110. Give v(-39).
7
Let l(u) = -u**3 - 4*u**2 + 13*u + 3. What is l(-5)?
-37
Let z(a) = -3*a + 15. Calculate z(6).
-3
Let t(v) = v**3 - 4*v**2 - 2*v + 1. Determine t(6).
61
Let y(i) = -4*i - 7. What is y(-2)?
1
Let r(a) = -3*a**2 + 2*a + 7. Give r(-6).
-113
Let n(i) = i**3 - 5*i**2 - 6*i - 56. Determine n(7).
0
Let b(r) = -r - 6. What is b(0)?
-6
Let b(n) = -n**2 - n + 16. Calculate b(0).
16
Let u(b) = -17*b + 25. Give u(4).
-43
Let o(t) = -t**3 - 9*t**2 + 25*t + 15. Give o(-11).
-18
Let v(k) = -3*k - 25. What is v(-8)?
-1
Let q(z) = z**3 + 9*z**2 - z. Determine q(-9).
9
Let g(d) = 3*d. Determine g(2).
6
Let o(i) = i**3 + 16*i**2 - 6*i + 30. Give o(-17).
-157
Let x(a) = -a - 9. What is x(-6)?
-3
Let y(p) = p**3 + 7*p**2 + 7*p - 6. Give y(-7).
-55
Let p(a) = -10*a - 153. What is p(-15)?
-3
Let b(w) = w**3 + 12*w**2 - w - 12. Calculate b(-12).
0
Let l(f) = -5*f**2 + 64*f + 16. What is l(13)?
3
Let f(p) = -p**3 - p**2 + p - 23. Determine f(0).
-23
Let z(l) = -7*l + 50. Calculate z(8).
-6
Let c(v) = v**3 + 6*v**2 + 2*v + 1. What is c(-6)?
-11
Let d(p) = 2*p**2 + 17*p + 4. Calculate d(-7).
-17
Let j(x) = x**2 - 17*x - 9. Determine j(8).
-81
Let v(d) = -2*d**2 - 23*d + 7. Determine v(-12).
-5
Let d(g) = -g**3 - 10*g**2 - 14*g - 12. Calculate d(-8).
-28
Let c(k) = 2*k**3 - 6*k**2 + 4*k + 5. Determine c(4).
53
Let f(x) = 3*x**2 - 45*x - 127. Calculate f(-3).
35
Let o(n) = -3*n - 16. Determine o(-7).
5
Let q(i) = -2*i**2 + 23*i + 6. Give q(12).
-6
Let w(j) = 4*j + 1. Determine w(-3).
-11
Let t(a) = a**3 - 18*a**2 + 3*a - 16. What is t(18)?
38
Let z(r) = -3*r + 4. Calculate z(-5).
19
Let m(l) = 2*l + 23. What is m(-20)?
-17
Let t(d) = d**2 - 8*d + 7. What is t(8)?
7
Let m(c) = c**2 - 10*c + 6. What is m(7)?
-15
Let k(u) = 3*u**3 - 2*u**2 - u + 1. Give k(2).
15
Let t(w) = -3*w - 43. What is t(-10)?
-13
Let r(g) = g - 1. Calculate r(-5).
-6
Let q(i) = -i**3 + 5*i**2 + i + 18. Determine q(6).
-12
Let b(w) = w**2 + 7*w - 7. Give b(-9).
11
Let k(d) = -d**2 - 13*d + 23. Give k(-15).
-7
Let y(i) = i**2 + 31*i + 197. Calculate y(-9).
-1
Let m(j) = j**2 - 17. Give m(4).
-1
Let a(z) = 106*z**3 + 2*z + 1. Determine a(-1).
-107
Let n(i) = i**2 + 10*i - 16. What is n(-11)?
-5
Let w(q) = -q**2 - q + 4. Determine w(-5).
-16
Let i(p) = p**3 - 37*p**2 - 165*p + 40. Calculate i(41).
-1
Let n(x) = 35*x. Calculate n(1).
35
Let b(t) = -9*t - 304. What is b(-34)?
2
Let l(i) = i**2 - 34*i - 28. Calculate l(35).
7
Let s(i) = -i**2 + 4*i - 3. Give s(2).
1
Let f(m) = 10*m**2 + 2*m - 1. Determine f(-2).
35
Let w(h) = h**2 + 14*h - 391. Calculate w(-28).
1
Let i(g) = -g**2 + 15*g - 13. Determine i(13).
13
Let f(k) = k**3 - 5*k**2 + 2*k + 3. What is f(5)?
13
Let r(l) = -6*l + 1. Determine r(7).
-41
Let y(z) = -6*z + 101. Calculate y(16).
5
Let w(c) = 6*c + 33. Calculate w(-7).
-9
Let n(i) = -i. Calculate n(-13).
13
Let d(y) = y + 29. What is d(-16)?
13
Let k(h) = -h**2 - 17*h - 45. Calculate k(-13).
7
Let c(n) = -12*n - 154. Give c(-15).
26
Let c(n) = -n**3 + 15*n**2 + n - 18. Determine c(15).
-3
Let p(m) = -m**3 + 5*m**2 + 7*m + 10. Calculate p(7).
-39
Let c(k) = k**3 + 5*k**2 - k + 12. Determine c(-5).
17
Let i(j) = -j**2 + 12*j - 26. Determine i(14).
-54
Let u(m) = 3*m**2 + 4*m - 6. Determine u(-3).
9
Let q(d) = 3*d**2 + 23*d + 5. Give q(-8).
13
Let c(j) = j**2 - 11*j + 21. Give c(8).
-3
Let g(y) = 23*y + 713. What is g(-31)?
0
Let t(c) = -c**3 + 5*c**2 + 17*c - 86. Give t(5).
-1
Let a(h) = 55*h + 1656. What is a(-30)?
6
Let q(t) = -t**3 - 18*t**2 - 55*t + 16. Give q(-14).
2
Let t(o) = 17*o + 770. What is t(-45)?
5
Let v(n) = -n**3 - 12*n**2 - 12*n - 4. Determine v(-11).
7
Let z(x) = 4*x**2 + 6*x - 8. Calculate z(3).
46
Let v(h) = 17*h**3 + h - 1. Determine v(1).
17
Let m(h) = -h + 2. Give m(-4).
6
Let f(m) = 3*m - 6. Determine f(-4).
-18
Let y(x) = -7*x - 150. Determine y(-21).
-3
Let d(s) = 2*s - 9. Calculate d(-10).
-29
Let x(p) = p**3 - 15*p**2 + 15*p - 13. Give x(14).
1
Let v(b) = -7*b - 52. Give v(-6).
-10
Let v(o) = 3*o + 32. Give v(-16).
-16
Let q(u) = u**3 - 7*u**2 + 7*u - 1. Give q(5).
-16
Let q(x) = x**3 - 16*x**2 - 35*x - 36. Determine q(18).
-18
Let s(b) = -3*b - 52. What is s(-19)?
5
Let s(k) = -2*k**2 - 11*k + 3. What is s(-8)?
-37
Let u(d) = d**2 - 11*d + 3. Give u(16).
83
Let x(d) = -d**2 + d + 6. Calculate x(5).
-14
Let h(i) = -i**2 + 4*i + 35. Calculate h(9).
-10
Let m(b) = 2*b**2 - b + 136. Determine m(0).
136
Let i(b) = 2*b**3 - 11*b**2 + 11*b + 2. Give i(4).
-2
Let l(f) = -f**2 - 5*f + 27. Give l(-5).
27
Let b(u) = -u**3 + 7*u**2 - 2*u + 9. Give b(7).
-5
Let z(g) = -g**3 + 18*g**2 - 10*g - 112. Determine z(17).
7
Let q(w) = -w**2 - 15*w + 267. What is q(-26)?
-19
Let p(j) = j**2 + 49*j + 546. Calculate p(-32).
2
Let m(h) = -2*h**2 - 9*h + 2. Give m(-6).
-16
Let s(l) = 12*l - 1. Calculate s(-3).
-37
Let f(p) = 2*p**2 - 33*p - 37. Give f(18).
17
Let y(f) = -f**2 - f - 4. Determine y(-5).
-24
Let f(z) = -z - 4. Give f(-7).
3
Let m(s) = s - 14. Determine m(11).
-3
Let f(b) = -b**2 + 6*b - 7. What is f(6)?
-7
Let r(x) = 2*x + 31. Calculate r(-13).
5
Let h(m) = -7*m + 128. What is h(19)?
-5
Let r(w) = w**2 + 5*w - 4. Calculate r(5).
46
Let s(x) = -x**2 + 89*x - 1376. What is s(69)?
4
Let f(j) = 2*j + 15. Give f(-13).
-11
Let v(x) = x**2 + 8*x. What is v(-7)?
-7
Let m(p) = 3*p**3 + 2*p**2 - 2*p - 1. What is m(2)?
27
Let f(g) = g**3 + 32*g**2 - 33*g - 4. Calculate f(-33).
-4
Let z(y) = 4*y + 10. Determine z(-9).
-26
Let s(j) = -25*j + 162. Give s(6).
12
Let f(w) = w + 36. Calculate f(-14).
22
Let b(f) = f**2 + 5*f + 4. Calculate b(-3).
-2
Let v(q) = -q**3 - 21*q**2 + 9*q + 29. What is v(-21)?
-160
Let k(v) = -3*v - 12. Give k(-7).
9
Let h(y) = -y + 20. Determine h(15).
5
Let u(f) = f**2 - 20*f + 43. Give u(18).
7
Let g(m) = m**2 + 11*m + 6. Determine g(-8).
-18
Let n(f) = -f**3 + 25*f**2 - 23*f - 20. Give n(24).
4
Let m(a) = -7*a + 4. What is m(-7)?
53
Let a(i) = i**3 - 7*i**2 + i + 11. Give a(4).
-33
Let v(x) = x**2 - 7*x - 68. Calculate v(12).
-8
Let n(q) = -4*q + 2. What is n(-1)?
6
Let a(j) = -j**3 + 19*j**2 + 68*j - 25. Give a(22).
19
Let x(p) = -3*p**2 + 2*p - 5. What is x(-5)?
-90
Let q(y) = 3*y**3 - 15*y**2 + 4*y - 29. What is q(5)?
-9
Let g(q) = -q**3 - 4*q**2 - 6*q + 7. Calculate g(-3).
16
Let i(l) = -3*l**3 + 5*l**2 - 5*l - 1. What is i(3)